2844, -2*u - b + 1894 = 0. What are the prime factors of u?
2, 11, 43
Let r(d) = d**3 + 28*d**2 - 43*d - 38. What are the prime factors of r(-29)?
2, 23
Let w = -15 + 19. Suppose -3*o + 139 = 2*i, w*i - 5*o + 34 = 257. List the prime factors of i.
2, 31
Let t(r) = r**3 - 13*r**2 - 15*r + 18. Let i be t(14). Suppose f + i*u - 24 = 0, -3*u = -4*f - 2*u + 164. What are the prime factors of f?
2, 5
Suppose 23*r + 9079 = 66602. List the prime factors of r.
41, 61
Let i = -2491 - -2891. List the prime factors of i.
2, 5
Let q = 45 - 40. Let s(a) = a + 7. Let u be s(-5). Suppose 3*n = 3*b - 93, -b - u*n = -q*b + 118. What are the prime factors of b?
2, 7
What are the prime factors of (-5 + (-1725)/(-6))*12/10?
3, 113
Let c be (-12)/(2 + 2) + 8. Let u(q) = 4*q**2 + 49 + 5 - c*q**2. List the prime factors of u(0).
2, 3
Suppose -2*o + 32 = 2*o. Suppose -z + j + o = -0*z, 5*z = -2*j + 47. List the prime factors of z*(4 - 3/1).
3
What are the prime factors of 4337 - (6/(-75) + (-177)/(-25))?
2, 5, 433
Let f = -881 - -1082. What are the prime factors of f?
3, 67
Suppose -6*i + 3*u + 10327 = -2*i, 5183 = 2*i + 5*u. What are the prime factors of i?
2, 17, 19
Let j be (-4)/(-2)*2730/20. What are the prime factors of (4/(12/j))/(-1 + 2)?
7, 13
Let x = 1320 - 913. List the prime factors of x.
11, 37
Let z = 5061 - 898. What are the prime factors of z?
23, 181
Suppose 537 = -2*g - 2*c + 3687, 0 = -2*g - 3*c + 3145. List the prime factors of g.
2, 5, 79
Let n = 13 - 15. Let r be -1 + 4 + 4 - n. What are the prime factors of 2/((r/(-15))/(-3))?
2, 5
Let k be (-11)/((-99)/2) - (-2)/(-9). Suppose 5*p - 859 - 376 = k. List the prime factors of p.
13, 19
Let u = -2705 + 4800. What are the prime factors of u?
5, 419
Suppose -13*d + 105555 = 37617. What are the prime factors of d?
2, 3, 13, 67
Let s = 7 - -69. Suppose 4*q - 8 = 0, -3*q = i - 68 - s. What are the prime factors of i?
2, 3, 23
Suppose 4*d - 11*d = -5061. List the prime factors of d.
3, 241
Let g(t) = -5*t + 23. Let z be g(-13). Let u = z + -72. What are the prime factors of u?
2
Suppose 2070 = q - 5*v, -13*v - 10230 = -5*q - 12*v. What are the prime factors of q?
5, 409
Let v(k) = k**3 - 16*k**2 + 17*k - 5. Let q = -4 - -6. Suppose -2*m + 5*i = -15, 2*i + 11 = q*m - 13. List the prime factors of v(m).
5
Let s(d) = -103*d**3 + 2*d**2 + 2*d. Let m be s(-1). Let h = 29 + m. List the prime factors of h.
2, 3, 11
Let v = 23 - 33. Let d(j) = -j**2 + 5*j - 9. Let a be d(6). Let m = v - a. What are the prime factors of m?
5
Let c(a) = 2*a**2 + 5. Let d be c(3). Suppose 27 = x - d. List the prime factors of x.
2, 5
Let l be (-2 - 0)/((-14)/105). Let h = -2 - -4. Suppose -h*p + l = p. List the prime factors of p.
5
Suppose 3510 = 25*y - 10*y. What are the prime factors of y?
2, 3, 13
Let i(w) = -w**3 + 8*w**2 - 4*w. Let u be i(6). Suppose -u = -2*o - 2*o. Suppose 5*m - o - 3 = 0. What are the prime factors of m?
3
Suppose u = 5, -u - 315 = -4*m - 16. Let z = m - 22. List the prime factors of z.
2, 3
Let d(q) = -3*q**3 - 2*q**2 + 5*q - 5. Let x be d(-6). Suppose -x = -5*l + 2*i, -l + 34 = i - 77. List the prime factors of l.
109
Suppose 0 = l - 5*n - 0*n + 3, -2*l + 3*n = -1. Suppose -l*w = -4*t + 292, t - 3*w + 292 = 5*t. List the prime factors of t.
73
Let r = -228 + 230. Let u = -25 - -38. Suppose -r*z = -z - u. What are the prime factors of z?
13
Let f be -3 + -2 + (-3 - -5). Let h(w) = 4*w**2 + 8*w + 10. What are the prime factors of h(f)?
2, 11
Let b be -1 + (-9)/(-7) - 240/(-336). What are the prime factors of 158 - (0 + -4) - b?
7, 23
List the prime factors of 17862/42 - (-2)/(-7).
5, 17
Suppose m - 2*m = 4*k - 1, 26 = 5*m - k. What are the prime factors of 0 + 33/m - (-15)/(-25)?
2, 3
Let y(o) = 8*o**3 + 5*o**2 + 11. Let r be y(7). Suppose 1080 = -8*s + r. What are the prime factors of s?
2, 3, 5
Let y(g) = 3*g**2 - 90*g - 44. List the prime factors of y(33).
11, 23
Suppose -16*k + 4*k + 21708 = 0. List the prime factors of k.
3, 67
List the prime factors of (0 + 2)*(-628983)/(-306).
4111
Suppose -5*i - 75 = 2*k - 2*i, -3*i = -k - 24. Let b be 88/k*(-3)/4. Suppose q = -b*q + 117. List the prime factors of q.
3, 13
Suppose w - y - 4 = -3, -5*w = -2*y - 11. Suppose -5*p + 1016 = w*p. Suppose -3*c = -11 - p. List the prime factors of c.
2, 23
Let f = -24 + 30. What are the prime factors of f*2*57/12?
3, 19
Let x(k) = 167*k + 182. List the prime factors of x(4).
2, 5, 17
Let u = 222 + -62. Suppose 1959 = 19*k + 135. Let w = u - k. List the prime factors of w.
2
Suppose 2*j - 481 = -5*p, 1212 = 5*j + 4*p - p. What are the prime factors of j?
3
Let f be 10/(-15) - (-4)/6. Suppose f = 3*r + 13 - 1. What are the prime factors of ((-9)/r)/((-5)/(-20))?
3
Let u = -155 - -295. What are the prime factors of u?
2, 5, 7
Suppose -4*w + u - 442 = -4029, -w = u - 898. What are the prime factors of w?
3, 13, 23
Let z(n) = -5*n - 1. Let o(v) = v. Let i(t) = 33*o(t) + 6*z(t). Let f be i(4). Let w = f + 4. List the prime factors of w.
2, 5
Let a = 363 - -539. What are the prime factors of a?
2, 11, 41
Suppose -11*f = -13*f - 20. Let y = -8 - f. What are the prime factors of y?
2
Let l(i) = 6 + 4 - 2 + i**3 - 2 + 6*i**2. Let t be l(-6). Suppose 28 = q - t. List the prime factors of q.
2, 17
Let v be 14 + 2*(-1)/(-2). Let l be (-388)/(-5) + v/(-25). List the prime factors of (1 + -3)*l/(-14).
11
Let p(d) = d**3 + 4*d**2 - 8*d + 5. Let v be p(-6). Let g(b) = -b**3 - 18*b**2 + 12*b - 7. What are the prime factors of g(v)?
2, 3, 7
Let i(m) = -5*m + 3. Let n be i(0). Let k(d) = d**3 + 3*d**2 + 3*d - 6. List the prime factors of k(n).
3, 19
Let v be (-9)/15 + 85/(-25) + 3. List the prime factors of (5 - 2) + 326 + v.
2, 41
Suppose 5*n = t, 6*t - t - 5*n = 0. Suppose -3*p + 4*a + 172 = t, 2*a - 164 = -3*p + 4*a. What are the prime factors of p?
2, 13
Let y be ((-7)/(-4) + -2)*-12. Suppose -5*m + 4*g + 15 = -g, 4*m - y*g = 12. Suppose m*l - 14 + 5 = 0. What are the prime factors of l?
3
Let a = -17 + 19. Suppose 90 = 8*i + a*i. List the prime factors of i.
3
Suppose i + 0*i + 3*i = 0. Suppose 5*a + 4*k - 157 = i, 3*a + 0*k + 2*k - 93 = 0. What are the prime factors of a?
29
Let v = 14 + -11. Let c = -36 + v. What are the prime factors of 2/2 - (-5 + c)?
3, 13
Suppose -15*b + 18*b = -2*j + 1597, 0 = -j - 5*b + 788. What are the prime factors of j?
11, 73
Let j = 39 - 37. Suppose -4*t - 2*g = -454, 5*t - j*g - 548 = 2*g. What are the prime factors of t?
2, 7
Let h = -5 + 7. Suppose 0 = 2*d - 3*n - 253, 5*n - 2 - 3 = 0. Suppose h*w + 2*w = d. List the prime factors of w.
2
Suppose -10748 = -14*d + 6416. What are the prime factors of d?
2, 613
Let n = -24 + 26. List the prime factors of 442/8 - n*2/16.
5, 11
Let x(w) = w. Let b(q) = 6*q**3 - 3*q + 2. Let v(r) = b(r) + 2*x(r). List the prime factors of v(2).
2, 3
Let i(b) = -b**3 + 8*b**2 + 10*b + 11. Let o be i(9). Let s(q) = 3*q + 9. Let z be s(16). Let u = z - o. What are the prime factors of u?
37
Suppose 5*m = -3*m + 1024. Let a = m - 3. What are the prime factors of a?
5
Let z be (18/(-10))/((-24)/80). Let i be z/(-10) - 26/(-10). What are the prime factors of 46/(-3)*(-3)/i?
23
Let m be (-1 + 0)/(1/(-142)). Suppose 3*z - 5*k - 231 = 183, z - 3*k - m = 0. List the prime factors of z.
7, 19
Suppose -86*f - 1972 = -134240. List the prime factors of f.
2, 769
Let f(a) = a**3 - 11*a**2 + 18*a + 115. List the prime factors of f(18).
2707
Let i(n) = -n**3 + 6*n**2 - 4*n + 2. Let s(c) = 5*c**2. Let x be s(1). Let g be i(x). Suppose -o + g = 3. What are the prime factors of o?
2
Let g(c) = -25*c + 12. Let y be g(-8). Let f = y - 107. List the prime factors of f.
3, 5, 7
Let p = 2 - 0. Suppose -p*y = -2*r + 376, -4*y + 378 = 2*r - 7*y. Suppose 2*n + 54 - r = 0. List the prime factors of n.
2, 3, 11
Suppose 0 = 5*o + 23 - 8. Let h = 8 + o. Suppose h*p - 71 = 109. List the prime factors of p.
2, 3
Let s = -51 - -538. What are the prime factors of s?
487
Suppose 111 = 45*w - 8*w. List the prime factors of w.
3
Let a = 42 - 38. Suppose -2*p + 0*f + 166 = 2*f, 0 = -3*p + a*f + 221. What are the prime factors of p?
79
Let j(d) = -2*d - 4. Let m be j(-4). Let p be 12 + -1 - (-2 - 1)/(-1). Suppose -n + p = m. What are the prime factors of n?
2
Suppose 19173 = -3*x + 14*x. What are the prime factors